number?
False
Is 177859711 a composite number?
False
Is 848499 a composite number?
True
Is 15173395 a composite number?
True
Is 10454669 a prime number?
True
Is 35184131 a prime number?
False
Is 2345537 a composite number?
False
Is 221272861 composite?
False
Is 294995909 prime?
False
Is 8559787 prime?
False
Is 1775623 a prime number?
False
Is 45644845 composite?
True
Is 303529 composite?
False
Is 2941123 a prime number?
True
Is 6048883 prime?
False
Is 10004551 prime?
False
Is 302891 a composite number?
False
Is 2597081 a prime number?
True
Is 1548487 a composite number?
True
Is 907957 prime?
True
Is 32205611 a composite number?
False
Is 452022682 a composite number?
True
Is 2738051 prime?
True
Is 126868747 prime?
False
Is 485002855 a composite number?
True
Is 40873771 composite?
False
Is 59927759 prime?
True
Is 333254701 prime?
False
Is 15064831 a composite number?
False
Is 1126879307 a composite number?
False
Is 14892974 a composite number?
True
Is 28394573 a prime number?
False
Is 810125377 prime?
True
Is 2897579 a prime number?
True
Is 3194141 prime?
False
Is 14204947 a prime number?
True
Is 259797 composite?
True
Is 74268199 prime?
True
Is 74406701 prime?
True
Is 115746637 composite?
True
Is 190471 prime?
True
Is 924499 a prime number?
True
Is 847307927 prime?
False
Is 79137409 a composite number?
True
Is 8779 a composite number?
False
Is 23155009 composite?
False
Is 3307307 a prime number?
True
Is 3893963 composite?
True
Is 979201 a composite number?
False
Is 7951897 prime?
True
Is 3417439 a prime number?
True
Is 731141 composite?
False
Is 13302127 a composite number?
False
Is 1800355 a composite number?
True
Is 11629327 composite?
False
Is 688029 composite?
True
Is 1938715 prime?
False
Is 162937 prime?
True
Is 12906697 prime?
True
Is 75171623 a composite number?
False
Is 74651051 prime?
True
Is 113727769 a composite number?
False
Is 920207 prime?
False
Is 282586133 prime?
False
Is 54642431 a composite number?
False
Is 48353 a composite number?
False
Is 6781457 prime?
True
Is 12596477 a prime number?
False
Is 690875233 a composite number?
False
Is 1876879 composite?
True
Is 27843071 composite?
False
Is 16852633 composite?
True
Is 140608595 composite?
True
Is 5472821 composite?
True
Is 37491001 prime?
False
Is 2982039 composite?
True
Is 210349 composite?
True
Is 31583351 a prime number?
True
Is 21538051 a prime number?
False
Is 821357 a prime number?
False
Is 17540213 a composite number?
False
Is 31157177 a prime number?
True
Is 73271281 a composite number?
True
Is 3063121 a composite number?
False
Is 8634553 a composite number?
True
Is 632585 a prime number?
False
Is 3583529 a composite number?
False
Is 61763239 prime?
False
Is 8476427 a prime number?
True
Is 168766421 prime?
True
Is 1408067 a composite number?
False
Is 49800241 composite?
True
Is 78960283 a composite number?
False
Is 62303987 a composite number?
True
Is 6905923 prime?
True
Is 1038083 prime?
False
Is 644474 prime?
False
Is 27904781 composite?
False
Is 1238609 a prime number?
False
Is 11404817 prime?
True
Is 104279341 a composite number?
False
Is 14793797 a composite number?
False
Is 9519307 prime?
False
Is 155994301 a prime number?
False
Is 16572677 a composite number?
True
Is 8034933 prime?
False
Is 2705149 prime?
False
Is 29605469 a prime number?
True
Is 109237679 composite?
False
Is 27163 a composite number?
True
Is 307866269 composite?
False
Is 114926543 composite?
False
Is 6934423 a composite number?
False
Is 99731109 a composite number?
True
Is 8558659 prime?
True
Is 4618307 prime?
True
Is 14032166 a prime number?
False
Is 31289541 a prime number?
False
Is 7324517 a prime number?
True
Is 865165901 prime?
False
Is 5702959 a prime number?
False
Is 2964277 a composite number?
False
Is 39799931 prime?
False
Is 10871767 a prime number?
True
Is 1693921 composite?
False
Is 179807137 composite?
True
Is 369401233 composite?
True
Is 97715197 prime?
False
Is 253567 a composite number?
False
Is 270047917 prime?
True
Is 637235 a prime number?
False
Is 1501499 composite?
False
Is 2021777 a composite number?
False
Is 879719 a composite number?
True
Is 435141757 a composite number?
False
Is 1018805 composite?
True
Is 9806057 a prime number?
False
Is 3247039 composite?
False
Is 63746129 composite?
False
Is 80693881 prime?
True
Is 29599 composite?
False
Is 58393337 a composite number?
False
Is 25527071 a composite number?
False
Is 308460197 prime?
False
Is 301951801 a composite number?
False
Is 32234611 composite?
True
Is 436520867 composite?
False
Is 29292499 a prime number?
True
Is 184254501 a prime number?
False
Is 15529523 composite?
False
Is 356972519 a composite number?
True
Is 8698501 prime?
False
Is 93712153 prime?
False
Is 20516027 composite?
True
Is 21359127 a composite number?
True
Is 10913261 a prime number?
False
Is 58400297 a prime number?
True
Is 12859879 a composite number?
False
Is 109729759 composite?
True
Is 1544339 a composite number?
True
Is 17441543 composite?
True
Is 184840321 prime?
False
Is 39341 a composite number?
False
Is 1650167 a composite number?
False
Is 666811 composite?
False
Is 1075957 a prime number?
True
Is 41655223 composite?
True
Is 6513281 composite?
False
Is 17658469 a composite number?
True
Is 1481647109 a composite number?
False
Is 1054237 a prime number?
False
Is 10904087 prime?
False
Is 151091 prime?
True
Is 176116945 a prime number?
False
Is 51651871 a prime number?
False
Is 5072141 prime?
True
Is 91076341 prime?
True
Is 5549339 a prime number?
True
Is 45208565 prime?
False
Is 32541881 prime?
True
Is 4078723 composite?
True
Is 16195061 a prime number?
True
Is 2510323 a prime number?
False
Is 699305 prime?
False
Is 339561701 composite?
False
Is 7857823 a composite number?
False
Is 119235511 a composite number?
False
Is 598802989 prime?
True
Is 41402731 prime?
True
Is 7468651 a composite number?
False
Is 12683603 prime?
False
Is 396604139 a prime number?
True
Is 602228191 composite?
True
Is 111431779 a prime number?
True
Is 18040181 prime?
True
Is 3000383 prime?
False
Is 291317 a composite number?
True
Is 1847701 a composite number?
False
Is 64657259 composite?
False
Is 1247371 prime?
True
Is 23950727 composite?
False
Is 2173423 a composite number?
True
Is 5170381 composite?
True
Is 2940761 a composite number?
False
Is 8640881 prime?
False
Is 5870533 a prime number?
True
Is 266168311 composite?
False
Is 3801137 a prime number?
True
Is 6474617 a prime number?
False
Is 2929 a prime number?
False
Is 5507393 composite?
False
Is 11496967 prime?
True
Is 17613139 a prime number?
False
Is 235393231 a prime number?
True
Is 820271 a composite number?
False
Is 11355887 a prime number?
False
Is 3071353 a composite number?
False
Is 2993083 a prime number?
True
Is 30263957 composite?
False
Is 1274279 prime?
False
Is 354000853 a prime number?
False
Is 98813233 prime?
False
Is 6867382 a composite number?
True
Is 11841253 composite?
True
Is 58867987 prime?
True
Is 118517419 a composite number?
False
Is 8790787 a prime number?
False
Is 7959491 a prime number?
True
Is 8973787 a prime number?
False
Is 20046217 prime?
False
Is 109410337 a composite number?
True
Is 36604933 a prime number?
True
Is 7457477 a prime number?
True
Is 10060439 prime?
True
Is 396552449 a composite number?
False
Is 1138019 prime?
True
Is 311870289 prime?
False
Is 104389603 prime?
True
Is 146441 a prime number?
False
Is 1848103 prime?
True
Is 93329547 a composite number?
True
Is 110069519 a prime number?
False
Is 27427 prime?
True
Is 6044909 a composite number?
True
Is 1350631 a prime number?
False
Is 64953347 a composite number?
False
Is 10770389 a composite number?
True
Is 6266321 a composite number?
False
Is 29633801 a composite number?
True
Is 5286271 a prime number?
False
Is 21460843 prime?
True
Is 192777017 a composite number?
True
Is 648953 composite?
False
Is 56635439 composite?
True
Is 106338473 a composite number?
True
Is 23417 a composite number?
False
Is 1769357 composite?
False
Is 245655623 prime?
True
Is 500873 a prime number?
True
Is 1744471 composite?
True
Is 1398302977 a composite number?
False
Is 11675533 composite?
False
Is 670177 a composite number?
False
Is 323153791 prime?
False
Is 14172703 a prime number?
False
Is 139295087 a composite number?
False
Is 6145217